 1 - 2*p. Let c be d(-1). Suppose -c*w = -w - 78. Is w prime?
False
Suppose -5*z + 6*z = 4*k - 393521, k - z = 98378. Is k a prime number?
False
Suppose 2*q - 4*t = -q + 18, -q + 5 = -t. Suppose q*a - 12 = 6*a, -4*p - 3*a = -1819. Is p a prime number?
True
Let i be (27/12)/((-3)/(-8)). Is (-30)/i*262/(-5) prime?
False
Suppose b - 7*b - 6 = 0. Is 181 - (0 - 4/b) composite?
True
Let i = -681 + 1588. Is i a composite number?
False
Let p be (1 - 2)/(13/(-26)). Let l = 1 + p. Suppose -5*h = -l*u + 1147, -597 - 913 = -4*u - 3*h. Is u a composite number?
False
Suppose -2*r = -2701 - 369. Is r a prime number?
False
Let l(m) = -79*m**3 - 2*m**2 - 2*m + 2. Let p be l(2). Let v = 306 + p. Let j = -203 - v. Is j a prime number?
False
Suppose -y = y - 2. Suppose -n - 7 = -y. Is (110/n)/(11/(-33)) composite?
True
Let f = 9 - 5. Suppose f*u - 6*u + 476 = 2*i, 0 = -3*u + 3. Suppose 4*b + 5*s - i = 180, b - 4*s = 99. Is b a prime number?
True
Let r(l) = l**3 - 2*l**2 - 7. Let y be r(3). Suppose y*d - 4*j + 2*j - 1336 = 0, -4*j = -5*d + 3339. Is d a composite number?
True
Let k(i) = 119*i**2 + 8*i - 73. Is k(6) composite?
False
Suppose -19*i + 15*i = -41708. Is i composite?
False
Let f(s) = -610*s + 133. Is f(-12) a composite number?
True
Let w = -29 - -31. Is (556*1/2)/w composite?
False
Let v = -3070 + 6221. Is v composite?
True
Let d = 36 + -33. Suppose -5*l - 804 = -2*q + 303, -526 = -q - d*l. Is q prime?
True
Suppose -2*a = -4*p - 22, -p = 5*a + p - 43. Let w be a/6*(-50)/(-15). Suppose -w*g + 268 + 7 = 0. Is g a composite number?
True
Suppose 0 = -3*o - 17 + 8. Is 4 - (-1)/(o/(-210)) prime?
False
Let l = 1785 - 698. Is l composite?
False
Suppose 17*r - 43 + 9 = 0. Suppose 2*g + r = g, g + 11278 = 4*s. Is s composite?
False
Let l(k) = 2*k**2 + k - 66. Let u be l(0). Let s be (315/(-10))/((-1)/u). Is s/(-44) + (-1)/4 a prime number?
True
Suppose -7469 = 7*t - 99288. Is t a composite number?
True
Suppose 4*i - 79 = -0*m - 3*m, -25 = -5*m. Suppose -5*r + 4 = -i. Is (6 - 4)*18/r a prime number?
False
Let t(x) = x**2 - 10*x + 12. Let a be t(9). Let s be 12*3/36*a. Is ((-278)/6)/(s/(-9)) prime?
True
Let t be 3/((42/(-4))/(-7)). Let k(o) = o**3 - o**2 - o + 1. Let d be k(t). Is 355 - 0*1/d prime?
False
Suppose 68460 + 68946 = 6*b. Is b a composite number?
False
Is 3/((-4)/(-10) + (-269456)/673840) a prime number?
False
Let x = -282 - -524. Let l = x - 93. Is l a prime number?
True
Let c(t) = 7*t**3 - 39*t**2 + 49*t + 66. Is c(19) composite?
True
Suppose 0 = 8*k - 6*k - 1102. Suppose -k - 2384 = -5*h. Is h composite?
False
Suppose 3*z + 728 = 2507. Let g = z + -166. Is g a prime number?
False
Let h(m) = m**2 - 1. Let y(q) = 874*q**2 + q + 2. Let n(g) = 3*h(g) + y(g). Is n(1) composite?
False
Suppose 3*y = -4*d + 81373, 2*d + 3*d - 81374 = -3*y. Is y a composite number?
True
Is (-2)/(-12) - 167/(-6)*19 prime?
False
Suppose 9*p + 62 = 7*p. Let y = -25 - p. Let a(s) = 34*s + 19. Is a(y) composite?
False
Suppose 5*n = -n + 3324. Let t = 927 - n. Is t a prime number?
True
Let h = 53730 - 18587. Is h a composite number?
True
Let u = -75 + 1288. Is u a composite number?
False
Let j(z) = z**3 - z + 1. Let p(o) = 9*o**3 - o**2 - 6*o - 2. Let i(k) = 5*j(k) - p(k). Is i(-6) composite?
True
Suppose -g - 5*i = -7062, -4*g - 4*i + 29320 = 1056. Is g composite?
True
Let v = 14 - 6. Let u be (v/6)/(2/6). Suppose -2*w - 260 + 75 = -3*c, -u*c = -4*w - 252. Is c a composite number?
False
Let s = -129 + 182. Let w = 50 + s. Is w a prime number?
True
Suppose 0 = -5*o + 42 - 17. Suppose j + 16 = -2*z + 47, -3*z = -o*j + 207. Is j composite?
True
Let w = -327 + 64. Let j = 571 + w. Suppose j = 6*l - 2*l. Is l prime?
False
Suppose -5*g - 3408 = 32352. Is (1/2)/((-8)/g) prime?
False
Suppose -4*h + 6*h - 4*f = 44, -60 = -2*h - 4*f. Let u be (-6)/(-39) - (-776)/h. Is 2/(-12) - (-2225)/u a composite number?
True
Suppose 2*u - 25592 = 8118. Is u prime?
False
Suppose -6*v + 21 + 15 = 0. Is (v + -1 - 4)*179 a composite number?
False
Suppose 5*g - 3246 = g + 3*w, -3*w = -6. Suppose -4*y + 821 + 147 = -2*j, 5*y = -2*j - 968. Let b = j + g. Is b composite?
True
Suppose -4*w - k + 13 + 7 = 0, -5*k = w - 5. Suppose w*l + 14 - 59 = 0. Is l prime?
False
Let b(a) = a + 1. Let v(u) = -22*u**2 + 3*u + 8. Let p(f) = 6*b(f) - v(f). Is p(7) prime?
True
Is (-1685)/2*70/(-35) prime?
False
Let j(y) = -161*y + 11. Suppose 5*l - 3*r - 25 = 0, 15 = 3*l + 2*r + 2*r. Suppose -l = 5*c - 5*z - 0, -c = -3*z - 9. Is j(c) a composite number?
False
Suppose g - 18 = -2*g. Suppose -7*m = -4*m - g. Is -2 - (-16 + 1 - m) prime?
False
Suppose -134*m = -118*m - 242848. Is m a composite number?
True
Suppose 4*l - l = 420. Let m(g) = -53*g**3 - 3*g**2 - 3*g - 1. Let f be m(-2). Let y = l + f. Is y composite?
False
Let t = 49 + -88. Let i = -25 - t. Suppose 170 = -i*n + 16*n. Is n a prime number?
False
Let z(f) = -f**3 - 15*f**2 + 9*f + 1. Let k be z(-15). Let u = 159 - k. Is u composite?
False
Suppose 7*i - 2812 = 2*i - 3*h, -3*i - 3*h = -1692. Let t be -783 - (8 + 98/(-7)). Let z = i - t. Is z a composite number?
True
Suppose -4*d = 6*d - 115310. Is d prime?
False
Let s(l) = 28*l**2 - 23*l + 164. Is s(11) a composite number?
False
Let y = 3218 + 219. Is y a prime number?
False
Suppose -5*a + 0*a = -20. Suppose 7670 + 1090 = -a*r. Is r/(-4) + 2/(-4) a prime number?
True
Suppose h - 7 = 1. Suppose -h*k + 6*k + 102 = 0. Suppose -s = 18 - k. Is s a composite number?
True
Let u = 2661 - 1184. Is u a prime number?
False
Let b be (-60)/(-52) - (164/52 - 3). Suppose -3*i - 4*f + 2658 = -f, -f = b. Is i prime?
True
Suppose -3*l - 42686 = -17*l. Is l prime?
True
Let x(k) = -8*k + 1. Let j(w) = 2*w**3 + 2*w**2 + 5*w + 7. Let b be j(-2). Is x(b) a prime number?
True
Is 417712/64 + (-1)/(-4) a composite number?
True
Suppose -3*c = 12, b + 2952 = 3*c - 23652. Is b/(-42) - (-4)/14 composite?
True
Suppose -7 + 3 = -c, 0 = -5*g + c + 3111. Suppose 4*h = -2*n + 456, h - 61 - g = -3*n. Suppose -5*a - 3*p + 610 = 0, a + n = 3*a - 2*p. Is a composite?
True
Let c be 38/(-12) + 3 - 71/6. Let i(s) be the third derivative of -s**5/60 - 7*s**4/12 + 3*s**3/2 + s**2. Is i(c) a composite number?
True
Let p(b) = -b**2 + 26*b - 13. Let h be p(27). Suppose -2*z - 6 = -4*r + z, z + 2 = -r. Is 1 - r - (h + 4) a composite number?
False
Suppose 18*b - 22*b = -168196. Is b composite?
True
Let a(q) = 340*q - 29. Is a(5) composite?
True
Suppose -2*w - 10 = -x, 3*w + 26 = 5*x - w. Let h be x + 3 + -3 - -486. Suppose 5 = -3*a + h. Is a a prime number?
False
Suppose 3*y + 4*q - 9888 - 27899 = 0, 4*q = -16. Is y prime?
True
Let r = 298 - -83. Is r composite?
True
Let d(f) = -f**2 - 16*f + 20. Let t be d(-17). Suppose a + t*a = 4580. Is a a composite number?
True
Let r(n) = -2*n**2 - 11*n - 1. Let t be r(-5). Suppose s + 4*l + t = 0, 6*l - 4*l = 2*s - 2. Suppose s = 2*a - 5*a + 573. Is a a composite number?
False
Suppose 0 = 9*f - 5*f. Let y = f + 3. Suppose -o = -y*a - 23, -4*o + 65 = -4*a + 5. Is o a composite number?
False
Let n = 45 + -51. Is (-489)/(-15) + n/(-15) prime?
False
Is (-7)/(140/(-228885))*(-12)/(-9) composite?
False
Suppose 0 = 5*a - 5*q - 13160, 5*a + 3*q - 5677 - 7475 = 0. Is a a composite number?
True
Let d = 88 - 60. Suppose -2*h + 4 + 6 = -3*j, 15 = 3*h + 2*j. Suppose -1543 + d = -h*x. Is x composite?
True
Let n = 1351 + -399. Suppose 5*x = 11253 + n. Is x a prime number?
True
Let h = 10159 + -14306. Let u = h + 6962. Is u composite?
True
Suppose -2*i = -5*i. Suppose 2*m + 388 = 2*w, i = -m + 5*m - 20. Suppose -s + w = -4. Is s a composite number?
True
Let j(h) = -h**2 - 12*h + 1465. Is j(0) a composite number?
True
Suppose 4*o - 4336 = -3*p, -o - 4*p + 4332 = 3*o. Is o a prime number?
True
Suppose 0 = -11*t + 20932 + 187705. Is t composite?
True
Suppose -6*b - 3390 = -11*b. Suppose d + 452 = 3*u - u, 3*u - 3*d - b = 0. Suppose n - u = -n. Is n prime?
True
Let f(z) = 2*z**2 - 25*z + 81. Is f(46) a composite number?
False
Is (-17 - -15)/(2/(-44777)) prime?
True
Suppose -u + 4*u - 5763 = 5*r, 0 = 3*r + 2*u + 3454. Let o = r + 1787. Is o a prime number?
False
Is (15 - (-2004)/(-132)) + 6349/11 prime?
True
Let a = -51 - -56. Suppose p - 6462 = -a*p. Is p composite?
True
Suppose 189*y = 190*y + 4*f - 467, 3*y - 4*f - 1337 = 0. Is y a prime number?
F